{"id":374,"date":"2025-11-21T10:08:57","date_gmt":"2025-11-21T09:08:57","guid":{"rendered":"https:\/\/baselinkweb.nl\/pol\/?page_id=374"},"modified":"2025-12-31T10:44:44","modified_gmt":"2025-12-31T09:44:44","slug":"polityka-prywatnosci","status":"publish","type":"page","link":"https:\/\/praktijkpol.nl\/pl\/privacybeleid\/","title":{"rendered":"Polityka prywatno\u015bci"},"content":{"rendered":"<div data-elementor-type=\"wp-page\" data-elementor-id=\"374\" class=\"elementor elementor-374\" data-elementor-post-type=\"page\">\n\t\t\t\t<div class=\"elementor-element elementor-element-7a184cc e-flex e-con-boxed e-con e-parent\" data-id=\"7a184cc\" data-element_type=\"container\" data-e-type=\"container\">\n\t\t\t\t\t<div class=\"e-con-inner\">\n\t\t\t\t<div class=\"elementor-element elementor-element-6f9f731 elementor-widget__width-initial inhoud elementor-widget elementor-widget-text-editor\" data-id=\"6f9f731\" data-element_type=\"widget\" data-e-type=\"widget\" data-widget_type=\"text-editor.default\">\n\t\t\t\t\t\t\t\t\t<h1 style=\"color: #006684;\">Polityka prywatno\u015bci<\/h1><p>Prywatno\u015b\u0107 u\u017cytkownik\u00f3w jest dla nas bardzo wa\u017cna. Niniejsze o\u015bwiadczenie informuje, w jaki spos\u00f3b przetwarzamy dane osobowe u\u017cytkownik\u00f3w odwiedzaj\u0105cych nasz\u0105 stron\u0119 internetow\u0105 lub kontaktuj\u0105cych si\u0119 z nami. Przetwarzamy dane starannie i zgodnie z og\u00f3lnym rozporz\u0105dzeniem o ochronie danych (RODO).<\/p><h3>1. Gromadzenie i wykorzystywanie danych osobowych<\/h3><p>Gdy u\u017cytkownik wype\u0142nia nasz formularz kontaktowy lub formularz wyceny, gromadzimy nast\u0119puj\u0105ce dane osobowe:<\/p><ul><li>Imi\u0119 i nazwisko<\/li><li>Adres e-mail<\/li><li>Numer telefonu (je\u015bli podano)<\/li><li>Wszelkie inne dane dobrowolnie podane przez u\u017cytkownika w wiadomo\u015bci lub wraz z zam\u00f3wieniem<\/li><\/ul><p>Dane te s\u0105 wykorzystywane wy\u0142\u0105cznie w celu udzielenia odpowiedzi na pytanie lub przetworzenia zapytania (oferty). Podstaw\u0105 prawn\u0105 tego przetwarzania jest zgoda u\u017cytkownika (w przypadku kontaktu za po\u015brednictwem formularza).<\/p><p><strong>Google Analytics<\/strong><\/p><p>Nasza strona internetowa korzysta z Google Analytics, us\u0142ugi analityki internetowej \u015bwiadczonej przez Google Inc. Us\u0142uga ta pomaga nam zrozumie\u0107 spos\u00f3b korzystania z naszej strony internetowej, dzi\u0119ki czemu mo\u017cemy j\u0105 ulepsza\u0107. Google Analytics wykorzystuje pliki cookie. Pliki te s\u0105 umieszczane wy\u0142\u0105cznie za zgod\u0105 u\u017cytkownika. Wi\u0119cej informacji na ten temat mo\u017cna znale\u017a\u0107 w naszym\u00a0<a href=\"\/pl\/polityka-cookies\/\">polityka cookies<\/a>.<\/p><h3>2. Cele przetwarzania danych<\/h3><p>Dane osobowe podane za po\u015brednictwem formularza kontaktowego b\u0119d\u0105 wykorzystywane wy\u0142\u0105cznie w celu obs\u0142ugi zapytania lub pro\u015bby u\u017cytkownika.<br \/>Dane gromadzone za po\u015brednictwem Google Analytics s\u0105 wykorzystywane wy\u0142\u0105cznie do analizy statystycznej korzystania z witryny.<\/p><h3>3. Okres przechowywania<\/h3><p>Nie przechowujemy danych d\u0142u\u017cej ni\u017c jest to konieczne do cel\u00f3w, dla kt\u00f3rych zosta\u0142y zebrane. Dane przekazane za po\u015brednictwem formularza kontaktowego b\u0119d\u0105 przechowywane przez maksymalnie 1 rok po rozpatrzeniu pytania lub pro\u015bby.<\/p><h3>4. Prawa u\u017cytkownika<\/h3><p>U\u017cytkownik ma prawo dost\u0119pu do swoich danych osobowych, ich poprawiania lub usuni\u0119cia. Ponadto u\u017cytkownik ma prawo sprzeciwi\u0107 si\u0119 przetwarzaniu, wycofa\u0107 swoj\u0105 zgod\u0119 i - w stosownych przypadkach - przenie\u015b\u0107 dane.<\/p><p>Wniosek mo\u017cna przes\u0142a\u0107 poczt\u0105 elektroniczn\u0105:\u00a0<a href=\"mailto:info@praktijkpol.nl\">info@praktijkpol.nl<\/a>. Odpowiemy tak szybko, jak to mo\u017cliwe, najp\u00f3\u017aniej w ci\u0105gu czterech tygodni.<\/p><h3>5. Bezpiecze\u0144stwo danych osobowych<\/h3><p>Podejmujemy odpowiednie \u015brodki bezpiecze\u0144stwa, aby zapobiec niew\u0142a\u015bciwemu wykorzystaniu, utracie, nieautoryzowanemu dost\u0119powi, niepo\u017c\u0105danemu ujawnieniu i nieautoryzowanej modyfikacji danych u\u017cytkownika.<\/p><h3>6. Dane kontaktowe<\/h3><p>Czy masz pytania dotycz\u0105ce niniejszego o\u015bwiadczenia o ochronie prywatno\u015bci lub przetwarzania Twoich danych osobowych? Je\u015bli tak, prosimy o kontakt:<\/p><p>Praktyka psychologii POL<br \/>Hof de Hoop 26, 4871 ZX Etten-Leur<br \/><a href=\"mailto:info@praktijkpol.nl\">info@praktijkpol.nl<\/a><\/p><p>Ostatnia aktualizacja: 26-11-2025<\/p>\t\t\t\t\t\t\t\t<\/div>\n\t\t\t\t\t<\/div>\n\t\t\t\t<\/div>\n\t\t\t\t<\/div>","protected":false},"excerpt":{"rendered":"<p>Privacybeleid Uw privacy is voor ons van groot belang. In deze verklaring leest u hoe wij omgaan met uw persoonsgegevens wanneer u onze website bezoekt of contact met ons opneemt. Wij verwerken uw gegevens zorgvuldig en in overeenstemming met de Algemene Verordening Gegevensbescherming (AVG). 1. Verzameling en gebruik van persoonsgegevens Wanneer u ons contact- of [&hellip;]<\/p>\n","protected":false},"author":2,"featured_media":0,"parent":0,"menu_order":0,"comment_status":"closed","ping_status":"closed","template":"","meta":{"footnotes":""},"class_list":["post-374","page","type-page","status-publish","hentry"],"yoast_head":"<!-- This site is optimized with the Yoast SEO plugin v27.4 - https:\/\/yoast.com\/product\/yoast-seo-wordpress\/ -->\n<title>Privacybeleid - Praktijk Pol<\/title>\n<meta name=\"robots\" content=\"index, follow, max-snippet:-1, max-image-preview:large, max-video-preview:-1\" \/>\n<link rel=\"canonical\" href=\"https:\/\/praktijkpol.nl\/pl\/polityka-prywatnosci\/\" \/>\n<meta property=\"og:locale\" content=\"pl_PL\" \/>\n<meta property=\"og:type\" content=\"article\" \/>\n<meta property=\"og:title\" content=\"Privacybeleid - Praktijk Pol\" \/>\n<meta property=\"og:description\" content=\"Privacybeleid Uw privacy is voor ons van groot belang. In deze verklaring leest u hoe wij omgaan met uw persoonsgegevens wanneer u onze website bezoekt of contact met ons opneemt. Wij verwerken uw gegevens zorgvuldig en in overeenstemming met de Algemene Verordening Gegevensbescherming (AVG). 1. Verzameling en gebruik van persoonsgegevens Wanneer u ons contact- of [&hellip;]\" \/>\n<meta property=\"og:url\" content=\"https:\/\/praktijkpol.nl\/pl\/polityka-prywatnosci\/\" \/>\n<meta property=\"og:site_name\" content=\"Praktijk Pol\" \/>\n<meta property=\"article:modified_time\" content=\"2025-12-31T09:44:44+00:00\" \/>\n<meta name=\"twitter:card\" content=\"summary_large_image\" \/>\n<meta name=\"twitter:label1\" content=\"Szacowany czas czytania\" \/>\n\t<meta name=\"twitter:data1\" content=\"2 minuty\" \/>\n<script type=\"application\/ld+json\" class=\"yoast-schema-graph\">{\"@context\":\"https:\\\/\\\/schema.org\",\"@graph\":[{\"@type\":\"WebPage\",\"@id\":\"https:\\\/\\\/praktijkpol.nl\\\/privacybeleid\\\/\",\"url\":\"https:\\\/\\\/praktijkpol.nl\\\/privacybeleid\\\/\",\"name\":\"Privacybeleid - Praktijk Pol\",\"isPartOf\":{\"@id\":\"https:\\\/\\\/praktijkpol.nl\\\/#website\"},\"datePublished\":\"2025-11-21T09:08:57+00:00\",\"dateModified\":\"2025-12-31T09:44:44+00:00\",\"breadcrumb\":{\"@id\":\"https:\\\/\\\/praktijkpol.nl\\\/privacybeleid\\\/#breadcrumb\"},\"inLanguage\":\"pl-PL\",\"potentialAction\":[{\"@type\":\"ReadAction\",\"target\":[\"https:\\\/\\\/praktijkpol.nl\\\/privacybeleid\\\/\"]}]},{\"@type\":\"BreadcrumbList\",\"@id\":\"https:\\\/\\\/praktijkpol.nl\\\/privacybeleid\\\/#breadcrumb\",\"itemListElement\":[{\"@type\":\"ListItem\",\"position\":1,\"name\":\"Home\",\"item\":\"https:\\\/\\\/praktijkpol.nl\\\/\"},{\"@type\":\"ListItem\",\"position\":2,\"name\":\"Privacybeleid\"}]},{\"@type\":\"WebSite\",\"@id\":\"https:\\\/\\\/praktijkpol.nl\\\/#website\",\"url\":\"https:\\\/\\\/praktijkpol.nl\\\/\",\"name\":\"Praktijk POL\",\"description\":\"\",\"publisher\":{\"@id\":\"https:\\\/\\\/praktijkpol.nl\\\/#organization\"},\"potentialAction\":[{\"@type\":\"SearchAction\",\"target\":{\"@type\":\"EntryPoint\",\"urlTemplate\":\"https:\\\/\\\/praktijkpol.nl\\\/?s={search_term_string}\"},\"query-input\":{\"@type\":\"PropertyValueSpecification\",\"valueRequired\":true,\"valueName\":\"search_term_string\"}}],\"inLanguage\":\"pl-PL\"},{\"@type\":\"Organization\",\"@id\":\"https:\\\/\\\/praktijkpol.nl\\\/#organization\",\"name\":\"Psychologenpraktijk POL\",\"url\":\"https:\\\/\\\/praktijkpol.nl\\\/\",\"logo\":{\"@type\":\"ImageObject\",\"inLanguage\":\"pl-PL\",\"@id\":\"https:\\\/\\\/praktijkpol.nl\\\/#\\\/schema\\\/logo\\\/image\\\/\",\"url\":\"https:\\\/\\\/praktijkpol.nl\\\/wp-content\\\/uploads\\\/2025\\\/11\\\/Pscyhologenpraktijk-Pol-logo.png\",\"contentUrl\":\"https:\\\/\\\/praktijkpol.nl\\\/wp-content\\\/uploads\\\/2025\\\/11\\\/Pscyhologenpraktijk-Pol-logo.png\",\"width\":328,\"height\":77,\"caption\":\"Psychologenpraktijk POL\"},\"image\":{\"@id\":\"https:\\\/\\\/praktijkpol.nl\\\/#\\\/schema\\\/logo\\\/image\\\/\"}}]}<\/script>\n<!-- \/ Yoast SEO plugin. -->","yoast_head_json":{"title":"Polityka prywatno\u015bci - Practice Pol","robots":{"index":"index","follow":"follow","max-snippet":"max-snippet:-1","max-image-preview":"max-image-preview:large","max-video-preview":"max-video-preview:-1"},"canonical":"https:\/\/praktijkpol.nl\/pl\/polityka-prywatnosci\/","og_locale":"pl_PL","og_type":"article","og_title":"Privacybeleid - Praktijk Pol","og_description":"Privacybeleid Uw privacy is voor ons van groot belang. In deze verklaring leest u hoe wij omgaan met uw persoonsgegevens wanneer u onze website bezoekt of contact met ons opneemt. Wij verwerken uw gegevens zorgvuldig en in overeenstemming met de Algemene Verordening Gegevensbescherming (AVG). 1. Verzameling en gebruik van persoonsgegevens Wanneer u ons contact- of [&hellip;]","og_url":"https:\/\/praktijkpol.nl\/pl\/polityka-prywatnosci\/","og_site_name":"Praktijk Pol","article_modified_time":"2025-12-31T09:44:44+00:00","twitter_card":"summary_large_image","twitter_misc":{"Szacowany czas czytania":"2 minuty"},"schema":{"@context":"https:\/\/schema.org","@graph":[{"@type":"WebPage","@id":"https:\/\/praktijkpol.nl\/privacybeleid\/","url":"https:\/\/praktijkpol.nl\/privacybeleid\/","name":"Polityka prywatno\u015bci - Practice Pol","isPartOf":{"@id":"https:\/\/praktijkpol.nl\/#website"},"datePublished":"2025-11-21T09:08:57+00:00","dateModified":"2025-12-31T09:44:44+00:00","breadcrumb":{"@id":"https:\/\/praktijkpol.nl\/privacybeleid\/#breadcrumb"},"inLanguage":"pl-PL","potentialAction":[{"@type":"ReadAction","target":["https:\/\/praktijkpol.nl\/privacybeleid\/"]}]},{"@type":"BreadcrumbList","@id":"https:\/\/praktijkpol.nl\/privacybeleid\/#breadcrumb","itemListElement":[{"@type":"ListItem","position":1,"name":"Home","item":"https:\/\/praktijkpol.nl\/"},{"@type":"ListItem","position":2,"name":"Privacybeleid"}]},{"@type":"WebSite","@id":"https:\/\/praktijkpol.nl\/#website","url":"https:\/\/praktijkpol.nl\/","name":"Praktyka POL","description":"","publisher":{"@id":"https:\/\/praktijkpol.nl\/#organization"},"potentialAction":[{"@type":"SearchAction","target":{"@type":"EntryPoint","urlTemplate":"https:\/\/praktijkpol.nl\/?s={search_term_string}"},"query-input":{"@type":"PropertyValueSpecification","valueRequired":true,"valueName":"search_term_string"}}],"inLanguage":"pl-PL"},{"@type":"Organization","@id":"https:\/\/praktijkpol.nl\/#organization","name":"Praktyka psychologii POL","url":"https:\/\/praktijkpol.nl\/","logo":{"@type":"ImageObject","inLanguage":"pl-PL","@id":"https:\/\/praktijkpol.nl\/#\/schema\/logo\/image\/","url":"https:\/\/praktijkpol.nl\/wp-content\/uploads\/2025\/11\/Pscyhologenpraktijk-Pol-logo.png","contentUrl":"https:\/\/praktijkpol.nl\/wp-content\/uploads\/2025\/11\/Pscyhologenpraktijk-Pol-logo.png","width":328,"height":77,"caption":"Psychologenpraktijk POL"},"image":{"@id":"https:\/\/praktijkpol.nl\/#\/schema\/logo\/image\/"}}]}},"_links":{"self":[{"href":"https:\/\/praktijkpol.nl\/pl\/wp-json\/wp\/v2\/pages\/374","targetHints":{"allow":["GET"]}}],"collection":[{"href":"https:\/\/praktijkpol.nl\/pl\/wp-json\/wp\/v2\/pages"}],"about":[{"href":"https:\/\/praktijkpol.nl\/pl\/wp-json\/wp\/v2\/types\/page"}],"author":[{"embeddable":true,"href":"https:\/\/praktijkpol.nl\/pl\/wp-json\/wp\/v2\/users\/2"}],"replies":[{"embeddable":true,"href":"https:\/\/praktijkpol.nl\/pl\/wp-json\/wp\/v2\/comments?post=374"}],"version-history":[{"count":10,"href":"https:\/\/praktijkpol.nl\/pl\/wp-json\/wp\/v2\/pages\/374\/revisions"}],"predecessor-version":[{"id":1979,"href":"https:\/\/praktijkpol.nl\/pl\/wp-json\/wp\/v2\/pages\/374\/revisions\/1979"}],"wp:attachment":[{"href":"https:\/\/praktijkpol.nl\/pl\/wp-json\/wp\/v2\/media?parent=374"}],"curies":[{"name":"wp","href":"https:\/\/api.w.org\/{rel}","templated":true}]}}

Polityka prywatności

<div data-elementor-type="wp-page" data-elementor-id="374" class="elementor elementor-374" data-elementor-post-type="page">
				<div class="elementor-element elementor-element-7a184cc e-flex e-con-boxed e-con e-parent" data-id="7a184cc" data-element_type="container" data-e-type="container">
					<div class="e-con-inner">
				<div class="elementor-element elementor-element-6f9f731 elementor-widget__width-initial inhoud elementor-widget elementor-widget-text-editor" data-id="6f9f731" data-element_type="widget" data-e-type="widget" data-widget_type="text-editor.default">
									<h1 style="color: #006684;">Polityka prywatności</h1><p>Prywatność użytkowników jest dla nas bardzo ważna. Niniejsze oświadczenie informuje, w jaki sposób przetwarzamy dane osobowe użytkowników odwiedzających naszą stronę internetową lub kontaktujących się z nami. Przetwarzamy dane starannie i zgodnie z ogólnym rozporządzeniem o ochronie danych (RODO).</p><h3>1. Gromadzenie i wykorzystywanie danych osobowych</h3><p>Gdy użytkownik wypełnia nasz formularz kontaktowy lub formularz wyceny, gromadzimy następujące dane osobowe:</p><ul><li>Imię i nazwisko</li><li>Adres e-mail</li><li>Numer telefonu (jeśli podano)</li><li>Wszelkie inne dane dobrowolnie podane przez użytkownika w wiadomości lub wraz z zamówieniem</li></ul><p>Dane te są wykorzystywane wyłącznie w celu udzielenia odpowiedzi na pytanie lub przetworzenia zapytania (oferty). Podstawą prawną tego przetwarzania jest zgoda użytkownika (w przypadku kontaktu za pośrednictwem formularza).</p><p><strong>Google Analytics</strong></p><p>Nasza strona internetowa korzysta z Google Analytics, usługi analityki internetowej świadczonej przez Google Inc. Usługa ta pomaga nam zrozumieć sposób korzystania z naszej strony internetowej, dzięki czemu możemy ją ulepszać. Google Analytics wykorzystuje pliki cookie. Pliki te są umieszczane wyłącznie za zgodą użytkownika. Więcej informacji na ten temat można znaleźć w naszym <a href="/pl/polityka-cookies/">polityka cookies</a>.</p><h3>2. Cele przetwarzania danych</h3><p>Dane osobowe podane za pośrednictwem formularza kontaktowego będą wykorzystywane wyłącznie w celu obsługi zapytania lub prośby użytkownika.<br />Dane gromadzone za pośrednictwem Google Analytics są wykorzystywane wyłącznie do analizy statystycznej korzystania z witryny.</p><h3>3. Okres przechowywania</h3><p>Nie przechowujemy danych dłużej niż jest to konieczne do celów, dla których zostały zebrane. Dane przekazane za pośrednictwem formularza kontaktowego będą przechowywane przez maksymalnie 1 rok po rozpatrzeniu pytania lub prośby.</p><h3>4. Prawa użytkownika</h3><p>Użytkownik ma prawo dostępu do swoich danych osobowych, ich poprawiania lub usunięcia. Ponadto użytkownik ma prawo sprzeciwić się przetwarzaniu, wycofać swoją zgodę i - w stosownych przypadkach - przenieść dane.</p><p>Wniosek można przesłać pocztą elektroniczną: <a href="mailto:info@praktijkpol.nl">info@praktijkpol.nl</a>. Odpowiemy tak szybko, jak to możliwe, najpóźniej w ciągu czterech tygodni.</p><h3>5. Bezpieczeństwo danych osobowych</h3><p>Podejmujemy odpowiednie środki bezpieczeństwa, aby zapobiec niewłaściwemu wykorzystaniu, utracie, nieautoryzowanemu dostępowi, niepożądanemu ujawnieniu i nieautoryzowanej modyfikacji danych użytkownika.</p><h3>6. Dane kontaktowe</h3><p>Czy masz pytania dotyczące niniejszego oświadczenia o ochronie prywatności lub przetwarzania Twoich danych osobowych? Jeśli tak, prosimy o kontakt:</p><p>Praktyka psychologii POL<br />Hof de Hoop 26, 4871 ZX Etten-Leur<br /><a href="mailto:info@praktijkpol.nl">info@praktijkpol.nl</a></p><p>Ostatnia aktualizacja: 26-11-2025</p>								</div>
					</div>
				</div>
				</div>

Polityka prywatności - Practice Pol
